e v(g).
1
Let z = 4 + 1. Let s(w) = -2*w + 7. Determine s(z).
-3
Let t(s) be the third derivative of s**6/60 + s**5/12 + s**4/12 + s**3/6 + s**2. Let j be (-2)/(-2 - (-8)/3). What is t(j)?
-14
Let j(k) = -5*k**3 - 2*k**2 + 3*k. Let d(b) = 11*b**3 - 5 + 0 + 4*b**2 + 6 - 6*b. Let p(l) = -4*d(l) - 9*j(l). Determine p(-3).
-4
Let a = -1 - -2. Let y(q) = 9*q - 4. Let n(m) = -10*m + 5. Let b(o) = -3*n(o) - 4*y(o). Calculate b(a).
-5
Let l be (-13 + 14)/((-1)/(-3)). Let w(r) = -3*r - 4. Let u be w(-3). Let i(h) = -2 + 0 + u*h**2 - 3*h**2 - 2*h. Calculate i(l).
10
Let w(c) = -c**3 - 4*c**2 + 16*c + 25. Let y be w(-6). Let p(k) = 0 + 4*k**2 + 1 - 2*k**2. Give p(y).
3
Let i(f) be the third derivative of -f**6/120 + f**5/60 + f**4/24 - 19*f**3/6 - 63*f**2. What is i(0)?
-19
Let w(a) = 29 + 6*a - 21 - 6 - a**2. What is w(6)?
2
Let w(n) = -5 - 3 - n**2 + 6 + 4 - 5*n. Let s(p) = -p + 1. Let t be s(5). Determine w(t).
6
Let o = -2 + 1. Let n(c) = 2*c. Determine n(o).
-2
Let o(b) = b**3 - 3*b**2 - 2*b + 3. Suppose 10 = 2*g - 4*f, 0 = -5*f - 5. Suppose g*z - 12 = 6*z. Let u be (6/4)/((-2)/z). Calculate o(u).
-3
Let c(w) = -7*w**3 + w**2 + w - 1. Let v be 4/((-4)/(-3)) + -2. Calculate c(v).
-6
Let o(c) = 11*c**2 - c - 1. Let t(p) = p**2 + 5*p + 16. Let v(k) = k**2 + 4*k + 17. Let s(y) = -4*t(y) + 3*v(y). Let q be s(-6). Give o(q).
11
Let b(t) = -t**3 - 5*t**2 + 7*t. Let n be (-21)/(-15) - 6/(-10). Let z(h) = h + n - 5 + 2. Let f be z(-5). Determine b(f).
-6
Let k(s) be the third derivative of -s**6/120 - s**5/15 - s**4/24 + s**3/6 - 6*s**2. Determine k(-4).
5
Let o = 65 + -40. Let i = o + -26. Let z(k) = 2*k**2 - 2*k - 1. What is z(i)?
3
Suppose 20 = 2*r + 3*r, 4*g = -5*r + 8. Let m be -2 + 1 + 2*-2. Let t = m - g. Let o(f) = f**2 + f - 2. Determine o(t).
0
Suppose -y = 3*y - 24. Let v(t) = t**3 - 5*t**2 - 7*t + 2. Determine v(y).
-4
Let h(v) = 11 - 5*v**2 - 3 - 2 + 4*v - v**3 - 14. What is h(-6)?
4
Let m(d) = -d**3 + 4*d**2 + 7*d - 3. Let f be m(5). Let c(k) = -5*k**2 + f*k + 4*k**2 - 6 + 3 - 4. Give c(5).
3
Suppose 3*u = -3*z, 5*u + 11 = -4. Let y(m) be the second derivative of -m**4/12 + m**3/2 + m**2 - m. Give y(z).
2
Let b(h) = -2*h + 1. Let i = 54 + -57. Give b(i).
7
Let o(s) = -s**3 - s**2 - 2. Let c be o(-2). Let p(f) = 4*f - 3 - 4*f - f**2 + c*f. Suppose g = -45 + 49. Give p(g).
-11
Let l(h) = -h**2 + 6*h - 3. Suppose -3*i = 9, -5*q + 32 = i - 5*i. Let r be l(q). Let k(p) = r - p**3 + 3*p - 3*p - 4*p**2 + 5*p. Determine k(-5).
5
Let a(z) = -2*z**2 + z**3 - 4*z + 7*z + 2*z**2 - 3*z**2 - 3. What is a(3)?
6
Let h be (4/(-10))/(3/(-15)). Let k(b) = -b**3 + 3*b**2 + 2. Give k(h).
6
Let s(q) = -q**3 - 5*q**2 - 2*q + 4. Let i = 13 + -16. Let y(m) = 2*m + 2. Let k be y(i). Determine s(k).
-4
Let o(s) = 7*s + 19. Let n(i) = -3*i - 9. Let m(t) = 5*n(t) + 2*o(t). Let q be m(-6). Let g(u) = -3 + 6 + 2 - 4 - 7*u**2. What is g(q)?
-6
Let x = 7 - 5. Suppose -4*v + 5*h - 23 = 0, -v + 2 + 2 = x*h. Let n(p) = 5*p - 1. What is n(v)?
-11
Let n(x) = -x**2 + 2*x + 2. Let q = -11 - -19. Let c be (-5)/(-7) - q/(-28). Let l = 5 - c. What is n(l)?
-6
Let c(b) = -13*b - 1. Let s be 1/(0 + (-1 - 0)). Determine c(s).
12
Let g(s) = 0 - 1 + 4*s - 1 + 0*s + s**2. Let f be (-8)/10*(-1 + 6). Determine g(f).
-2
Let j = -2 - -1. Let b = j - -2. Suppose -2 = -q + b. Let y(w) = w**3 - 2*w**2 - 2*w + 2. Give y(q).
5
Let r(k) = -2*k + 6. Let c be r(4). Let g be ((-2)/(-2) - -1)/c. Let j(x) = -10*x - 1. Give j(g).
9
Suppose -6 = -2*w - 0. Let p be (-1)/w - 4/6. Let t(y) = 2*y**2 + 4. Let q(z) = -z**3 + 1. Let u(f) = 5*q(f) - t(f). What is u(p)?
4
Let d = -14 - -14. Let w(b) = b**3 - b**2. Let j(m) = 4*m**3 - 4*m**2 + 5. Let k(l) = j(l) - 5*w(l). Calculate k(d).
5
Let a(x) = -x**2 - x + 2. Let y(c) = c**3 + 4*c**2 - c - 3. Let v be y(-4). Let q(d) = 3*d**3 - d**2 - d + 1. Let k be q(v). Suppose -3*u - 8 = -k. Give a(u).
0
Let v = 0 + 5. Suppose -t + v = 4*t. Let b(l) = l**3 - 2*l**2 + l - 4. Let f(c) = -c**3 + c**2 + 1. Let j(u) = b(u) + 3*f(u). Determine j(t).
-1
Let u(b) be the second derivative of -5*b**4/12 - 2*b**3/3 - b**2 + 34*b. Calculate u(-2).
-14
Suppose 5*l - 3*w = -5*w + 28, 0 = 2*l + 3*w - 9. Let s be (4 - 12)*l/8. Let m(j) = 3 + 7 + j + 0*j. Determine m(s).
4
Let k(x) = 5*x + 3. Suppose -22 - 2 = 6*g. What is k(g)?
-17
Let r be (2/6)/((-5)/(-90)). Let g(p) = 4 - r*p + 0*p**2 - p**2 - p. Give g(-7).
4
Let x(c) = -c + 2. Suppose -4*u + 2 + 5 = -3*l, 3*l = -2*u - 1. Calculate x(u).
1
Let s(k) = 0*k**3 - 1 + k + 2*k + k**3 - k - 3*k**2. Give s(2).
-1
Let y(o) = o + 1. Suppose 1 = 3*r + 7. Give y(r).
-1
Let d(n) be the first derivative of -n**3/3 + 2*n**2 - 3*n + 5. Determine d(3).
0
Suppose -11 - 4 = -3*f. Let b(m) = m**3 - 5*m**2 + 2*m - 4. Determine b(f).
6
Let i(y) = 5 - 7 + y + 0*y. Let m be i(5). Suppose 0 + m = -3*t, -s - 5 = 5*t. Let a(f) = -f - 5. Give a(s).
-5
Suppose 4*o - 5*n = 0, 0 = o - 0*n + 5*n. Let d be (-4)/(-2 - o) + 4. Let z(g) = g - 1. Calculate z(d).
5
Let f = 33 + -28. Let t(z) = -z**2 + 9*z - 5. Calculate t(f).
15
Let j(h) = -h - 5. Suppose 2*s = 5*s. Suppose s = 2*z + z + 15. Let f be j(z). Let a(u) = -u**2 + 1. Determine a(f).
1
Suppose -24 = -a + 7*a. Let d(f) be the second derivative of 2*f - f**2 - f**3 - 1/12*f**4 + 0. What is d(a)?
6
Suppose 5*k - 3 = 22. Let f(u) be the second derivative of u**5/20 - u**4/2 + u**3 + u**2 - 4*u. Determine f(k).
7
Let p(s) = s**2 + 9*s + 9. Let z be p(-7). Let a(h) = -5 + 2*h + 10 + 2. Let b be a(z). Let d(g) = -g**2 - 3*g + 4. Calculate d(b).
4
Let h(c) be the third derivative of -c**4/12 + c**3/3 + 5*c**2 - 7*c. Calculate h(3).
-4
Suppose -6*n = -n - 20. Suppose 4*q = n*k - 20, 1 = -q - 3*k - 4. Let v(j) be the third derivative of j**4/12 + j**3/2 - 2*j**2. What is v(q)?
-7
Let d(s) be the second derivative of s**4/12 + 5*s**3/6 - 4*s**2 + s. Let n(l) = -l**2 + 20*l - 42. Let m be n(18). Give d(m).
-2
Let f(i) = 3*i + 3 - 3. Suppose 10 = -5*k - 0, -2*k - 3 = -d. What is f(d)?
-3
Let u(j) = 0*j - 529*j**2 - j - 5 + 530*j**2. What is u(0)?
-5
Let c(d) be the first derivative of -3*d**2/2 + d + 19. Suppose 0 = -5*k - 0*k + 5. Suppose 2*n = -k + 3. Determine c(n).
-2
Suppose 0 = 2*d + 19 + 9. Let u = -12 - d. Let g(j) = 2*j + 2. Give g(u).
6
Let b(q) be the second derivative of -q**4/12 + 7*q**3/6 + q**2 - 10*q. What is b(5)?
12
Let d(x) be the third derivative of x**5/60 - 7*x**4/24 - x**3/6 + 5*x**2. Calculate d(5).
-11
Let l = -7 + 10. Suppose -l*w = -2*w - 2. Let m(b) = -7*b + 4*b**w - 3*b**2 + 0 + 5. What is m(4)?
-7
Let a(n) = 4*n**2 - 3*n - 1. Let l(g) = -g**2 - g. Let q(p) = -a(p) + 3*l(p). Determine q(1).
-6
Let n(j) = 5*j - 6. Let p(q) = -11*q + 13. Suppose 4*s = 5*r + 9, s + 4*s = -4*r + 42. Let f(z) = s*p(z) + 13*n(z). Determine f(5).
-5
Let r(h) = h**2 - 3*h - 5. Let c be r(4). Let f = -1 + c. Let i(k) be the third derivative of -k**6/120 - k**5/60 - k**4/6 - k**3/2 + 170*k**2. Give i(f).
9
Let d(t) = -t + 3. Suppose -w = 3*w - 20. Suppose w*f - 10 = -c - c, -3*f = -4*c + 20. Suppose f*q + 20 = 4*q. What is d(q)?
-2
Let p = 13 - 6. Let t(n) = 2 + 1 + 2*n - p. What is t(5)?
6
Let t(z) = z**2 - 2*z + 3. Let j be t(3). Let v(g) = j*g - 3 + 2 + 0. Let k(x) = -2*x**2 - 9*x - 5. Let m be k(-4). Give v(m).
-7
Let m be (-6)/(-4)*(-2 + 8). Let v(s) = 5*s + m - 6 - s. Determine v(-2).
-5
Let y(o) = 2*o - 4. Suppose -4*m = m - 20. Suppose -m*r = -5*r + 3. Suppose -13 = -5*f + 2*v + 8, -r*f = 4*v + 3. Give y(f).
2
Let m(t) = -t**3 - t**2 - t - 1. Let q(b) = -b**3 - 3*b + 2. Suppose -3*a - 2*a - 10 = 0. Let u(c) = a*m(c) + q(c). Let i be -1 + 0 + -1 + -1. Give u(i).
-2
Let d(y) = y**2 - y. Let w(p) = -p**2 - 1. Let h(t) = 2*d(t) + 3*w(t). What is h(-2)?
-3
Let d(p) = -2*p**2 + 1. Let n be ((-1)/3)/((-6)/(-36)). Let t(c) = -c. Let z be t(n). Calculate d(z).
-7
Let q(w) = w - 1. Let m = -6 - -12. Let i be (-34)/9 - m/27. Give q(i).
-5
Let m be 0 - (24 - (0 - 1)). Let p be (20/m)/(4/(-10)). Let l(c) = -c - c + p*c - 5*c - c**2 - 3. What is l(-4)?
1
Let d(y) = 17*y - 39*y + 27*y. What is d(-1)?
-5
Suppose -5 = 2*z + 3*d, -5*d + 0 - 9 = 3*z. Suppose 2 + 2 = -z*g. Let y = g - -3. Let l(o) = -5*o**2 - o + 1. Calculate l(y).
-5
Let x(t) = t. Let n be 1 - 2 - (8 - 3). Calculate x(n).
-6
Let c(s) = s + 14. Let z = -9 + -2. Calc